 number?
True
Is 16872664391 a composite number?
True
Is 3605598181 prime?
True
Is 18648301757 prime?
True
Is 8778771383 prime?
False
Is 36239573059 a prime number?
True
Is 13311624419 a prime number?
False
Is 23625074821 composite?
False
Is 125467896713 a prime number?
False
Is 87187634821 prime?
False
Is 2406478433 composite?
True
Is 12273576753 a prime number?
False
Is 257781349 a prime number?
False
Is 7290107009 a composite number?
False
Is 101921814431 a prime number?
True
Is 1278717403 a composite number?
False
Is 2576447527 composite?
False
Is 80956167607 composite?
True
Is 114578897 composite?
False
Is 73921961 composite?
True
Is 40381203301 a composite number?
True
Is 5719724183 composite?
False
Is 245211278291 composite?
True
Is 142637380747 composite?
False
Is 9792843043 prime?
True
Is 71995860367 a prime number?
True
Is 30624702611 a prime number?
True
Is 14047095511 a prime number?
False
Is 10754966371 a prime number?
False
Is 2559931991 a prime number?
True
Is 9096351401 a composite number?
False
Is 99919692923 a prime number?
True
Is 9842749817 a prime number?
True
Is 352255903 a composite number?
True
Is 4862052619 prime?
True
Is 6960425797 composite?
True
Is 2029309237 a prime number?
False
Is 40689778663 prime?
False
Is 8090965621 prime?
False
Is 135549367 composite?
False
Is 10993540879 composite?
False
Is 5493058031 prime?
False
Is 2147800727 composite?
True
Is 1321811797 a composite number?
False
Is 70845245399 composite?
False
Is 1039303607 prime?
True
Is 1000089487 a prime number?
False
Is 366445553 prime?
False
Is 7357981261 prime?
True
Is 564784037 a composite number?
False
Is 13423941961 prime?
True
Is 21407617997 prime?
False
Is 8407308047 a composite number?
False
Is 12263944669 prime?
True
Is 28010993 prime?
False
Is 359713069 prime?
False
Is 557090531 a prime number?
True
Is 86188038551 a prime number?
True
Is 33005456443 composite?
True
Is 141454427 composite?
True
Is 48787488731 a prime number?
True
Is 35939143018 a prime number?
False
Is 662188013 a prime number?
True
Is 20211856909 prime?
False
Is 39258342815 a prime number?
False
Is 933392431 prime?
True
Is 12052563947 a prime number?
True
Is 26356213 prime?
False
Is 23197733 a prime number?
False
Is 135464405891 a prime number?
False
Is 1666003579 composite?
False
Is 14730356161 prime?
False
Is 28464782821 composite?
False
Is 127056380227 prime?
False
Is 278665743 prime?
False
Is 643354786 prime?
False
Is 966093769 a prime number?
False
Is 1656491867 a composite number?
True
Is 8774321 composite?
True
Is 26443737419 prime?
False
Is 1658198749 a prime number?
True
Is 270448712293 composite?
False
Is 16520861219 a prime number?
True
Is 164410357 composite?
False
Is 348936239 composite?
False
Is 38219865829 a prime number?
False
Is 745169207 a prime number?
True
Is 1551168253 composite?
False
Is 5902363 composite?
False
Is 798388163 a prime number?
True
Is 62851454063 composite?
False
Is 7055682461 a composite number?
False
Is 1607870713 a prime number?
True
Is 597691517 composite?
False
Is 138605945 a prime number?
False
Is 19745263 prime?
False
Is 103205788507 a composite number?
True
Is 2919084719 a composite number?
False
Is 1694975851 composite?
False
Is 471631691 composite?
False
Is 13745556177 a prime number?
False
Is 993455389 a composite number?
True
Is 6744424277 a composite number?
False
Is 125215447057 composite?
False
Is 15447021511 composite?
True
Is 75979153 prime?
True
Is 12555340757 a composite number?
False
Is 5115541469 composite?
False
Is 25866461926 a prime number?
False
Is 13952866139 a prime number?
True
Is 434445097 composite?
False
Is 208018229 prime?
True
Is 185132060887 composite?
True
Is 1790845781 composite?
False
Is 1478056999 prime?
False
Is 2114137477 a composite number?
False
Is 121215133811 prime?
True
Is 2469691129 composite?
True
Is 2575005143 a prime number?
False
Is 18390772187 composite?
False
Is 16891079197 a prime number?
True
Is 2256515873 a prime number?
True
Is 8534688971 a composite number?
True
Is 29720990461 composite?
True
Is 49544667529 a composite number?
True
Is 14077000481 a prime number?
True
Is 908197393 a composite number?
True
Is 461690375845 composite?
True
Is 45997718407 a composite number?
False
Is 4780093313 a prime number?
True
Is 659013569 prime?
True
Is 193080796127 a prime number?
True
Is 4186983791 prime?
True
Is 2488785283 a prime number?
False
Is 297770381 a composite number?
False
Is 2175622697 composite?
False
Is 855034671 a prime number?
False
Is 9592845671 a prime number?
True
Is 2433876569 a composite number?
True
Is 26615068933 prime?
False
Is 5743639249 a prime number?
True
Is 66709391341 prime?
True
Is 7131289801 a prime number?
False
Is 10063412987 a composite number?
False
Is 13359462943 a composite number?
False
Is 1076024293 a composite number?
True
Is 269949637651 prime?
False
Is 106499168017 a composite number?
True
Is 2292886649 a composite number?
True
Is 1364177327 a prime number?
True
Is 10009376417 prime?
False
Is 24554429 prime?
True
Is 80527009639 a prime number?
True
Is 129491387 a composite number?
False
Is 91757289643 a prime number?
False
Is 1907952197 a composite number?
True
Is 4856805163 composite?
True
Is 8479899749 composite?
False
Is 31989822349 a composite number?
True
Is 3967335287 a composite number?
True
Is 470213155 composite?
True
Is 5614662481 a composite number?
False
Is 12008508359 a composite number?
False
Is 1817587061 a prime number?
True
Is 215775617 prime?
False
Is 6965019541 composite?
True
Is 48445782005 a composite number?
True
Is 1631992247 a prime number?
False
Is 163901304339 a composite number?
True
Is 46383975917 a prime number?
True
Is 3431661929 prime?
True
Is 7602911809 a prime number?
False
Is 6165132097 prime?
False
Is 2861980067 prime?
True
Is 440387477 composite?
False
Is 3322027 a prime number?
True
Is 74632777547 composite?
True
Is 33774703531 composite?
False
Is 494780297 prime?
False
Is 3067291577 composite?
True
Is 692331869 a prime number?
True
Is 58768247009 prime?
True
Is 1828060151 prime?
False
Is 52416973153 prime?
True
Is 20258836253 a prime number?
False
Is 55258345 a composite number?
True
Is 307282043 composite?
True
Is 28421653289 a prime number?
False
Is 209933545247 a composite number?
False
Is 7901868847 prime?
False
Is 26179285307 a prime number?
False
Is 31193977 composite?
True
Is 446839231 prime?
True
Is 5799893033 prime?
False
Is 3109267705 a composite number?
True
Is 489346133 a composite number?
True
Is 4621507297 composite?
True
Is 261888223 composite?
False
Is 37534039 prime?
False
Is 1813277549 composite?
False
Is 2475131359 composite?
True
Is 3260449393 a prime number?
True
Is 228767673 a prime number?
False
Is 38893463509 a prime number?
False
Is 1100475463 prime?
True
Is 4041005971 prime?
True
Is 4724130497 a composite number?
False
Is 1305235127 prime?
False
Is 2862431354 a prime number?
False
Is 239616983 prime?
True
Is 66434573969 a composite number?
True
Is 5101979057 a prime number?
False
Is 3380248387 prime?
True
Is 12379084733 composite?
False
Is 2432219 prime?
True
Is 22918097399 composite?
False
Is 2735242343 a prime number?
False
Is 30636100567 a prime number?
True
Is 12601396193 a prime number?
False
Is 5820576779 a prime number?
True
Is 73525056929 a prime number?
True
Is 29287588069 a prime number?
False
Is 11858442521 a composite number?
False
Is 718930031 prime?
False
Is 448294729 a composite number?
False
Is 2655218191 composite?
False
Is 132134767 a composite number?
False
Is 5255476711 a composite number?
False
Is 1037844607 a composite number?
True
Is 2915534137 a prime number?
False
Is 1771231901 a prime number?
False
Is 358912266133 a composite number?
False
Is 8158030357 composite?
False
Is 272710288283 prime?
True
Is 1558823489 a prime number?
True
Is 244823797 a prime number?
False
Is 5768723549 composite?
True
Is 9486615079 a prime number?
False
Is 1177505831 a prime number?
True
Is 3318086647 composite?
False
Is 1465757171 a prime number?
True
Is 300893383591 prime?
True
Is 543546809233 a composite number?
True
Is 34896515 prime?
False
Is 3590671991 a prime number?
False
Is 2126345329 composite?
True
Is 10551402119 composite?
False
Is 64501537697 a prime number?
False
Is 911